 Is h(-11) composite?
False
Let l be (3/(-30) + (-21)/(-35))*10. Suppose l*n = 2777 + 17318. Is n composite?
False
Suppose 21*q - 24*q - 5*d = -182973, -6 = d. Is q composite?
False
Suppose 0 = 5*u + 15, -v + 148338 = -4*u - 37771. Is v a composite number?
False
Let q(u) = u**3 - 19*u**2 - 44*u + 44. Let b be q(21). Suppose 2*r = -b*t + 2800, 2*r = 7*t - 8*t + 1403. Is t prime?
False
Suppose -56*x + 10410313 = -1255104 - 2984967. Is x composite?
True
Suppose 2*q + 36 = 32. Is (52914/18)/(q/(-6)) a prime number?
True
Suppose 5*r = y + 280, -4*r + 3*y = -5*r + 56. Let o = r - 55. Is ((1260 - -6) + -7)/(o - 0) a prime number?
True
Suppose -65*l - 160*l + 144691425 = 0. Is l composite?
False
Suppose 37*y = 44*y + 35. Is -3 + (y - -3) + 1954 a prime number?
True
Suppose -50*n = -49*n + 5*s - 5850, 0 = 4*n + 4*s - 23416. Is n a prime number?
False
Let k = -31242 + 79987. Suppose 20 = 5*s, 5*y - 13*s - k = -18*s. Is y prime?
False
Let n(u) = 16*u**2 + 4*u - 63. Let v(c) = 34*c**2 + 7*c - 127. Let d(j) = 13*n(j) - 6*v(j). Is d(28) composite?
False
Suppose 5*o + 20 = 0, -9*o + 7*o = -4*c + 773980. Is c a prime number?
True
Is 18/(-48) + 9891700/224 a prime number?
True
Let x = -194 - -191. Is (5/x)/((-18)/18198) composite?
True
Let r(g) = 567*g**3 - 2*g**2 + 9*g + 3. Let a be r(4). Suppose 3*y - 2*u - 30015 = 6284, -3*y + u = -a. Is y a composite number?
False
Let c = -304 + 309. Suppose -4*p - c*u = -301, 4*p - 5*u - 290 - 41 = 0. Is p composite?
False
Suppose -35*r + 27*r = -16. Suppose 3*z + 4*m = 84 + 485, -z + r*m = -183. Is z composite?
True
Suppose -30*z - r + 8129881 = -25*z, -z - 2*r + 1625969 = 0. Is z prime?
True
Let w(t) = 3*t**3 + 9*t**2 - 4*t - 27. Let d(q) = -8*q - 15. Let u be d(-11). Let z = u - 65. Is w(z) a prime number?
True
Let b(p) = -5*p**3 + 131*p**2 + 236*p + 38. Is b(27) a composite number?
True
Let k(n) = 376*n**2 + 16*n - 331. Is k(10) prime?
False
Let v(q) = 2*q**3 + 24*q**2 - 24*q + 10. Let x be v(-13). Let r(d) = 2*d**2 - 54*d + 6. Is r(x) a composite number?
True
Suppose 3 = -j, 3*p - p + 4*j + 12 = 0. Let u(t) = t**2 + 1035. Let m be u(p). Suppose 4*q - 3*s = 1062, -4*q + 5*s + 23 = -m. Is q a composite number?
True
Suppose -2*j - h = j + 91244, j - h = -30412. Let t = -17387 - j. Is t a composite number?
True
Suppose 0 = -8*x - 3596 - 580. Is (-34)/((-9)/(-18) + x/1028) a composite number?
True
Let b be -40*(-2 + 5) - 6. Let u = b + 317. Is u a prime number?
True
Let a = -83 - -81. Let y be (-3)/a*(-4 - 6). Is (7282/3)/(2 + 20/y) a composite number?
True
Let o be (40/28)/((-55)/(-462)). Suppose -14301 = -21*k + o*k. Is k composite?
True
Suppose -50*n + 47242 = -2408. Suppose 5*k + 306 = -2*l, -3*l + l + 4*k - 288 = 0. Let f = n - l. Is f prime?
False
Let k(a) = -3*a**2 + 2*a + 1. Let j be k(-1). Is ((1 - 3) + -4332)*2/j a composite number?
True
Let q = -66 + 82. Let u be 2 + 3 + -1 - q. Is 3 - u/(-3) - 566/(-1) a prime number?
False
Suppose -13*f = -2293 - 29284. Is f a prime number?
False
Let s(b) be the first derivative of 5*b**3/3 - b**2 + 11*b + 483. Let y = 9 + -17. Is s(y) composite?
False
Suppose 0 = 3*c + 2*x - 187529, -5384 = -3*c - x + 182150. Is c a composite number?
True
Let h(x) = 184*x. Let r be h(3). Suppose 2*p - 7*p = 1750. Let f = p + r. Is f prime?
False
Let r = -310 - -312. Let c(f) = -f - 2. Let b be c(-5). Suppose 4143 = r*d + d - 4*h, -b*h = d - 1394. Is d a composite number?
True
Suppose 9*h - 885 = 4*h. Let v = 523 + h. Suppose 2*n + 254 - v = 0. Is n composite?
False
Let x = -87514 - -145613. Is x prime?
True
Let l(m) = 126364*m**2 + 4*m + 1. Is l(-1) prime?
False
Let f(m) = 177*m**2 - 58*m - 511. Is f(-8) a composite number?
True
Suppose -52*m + 8749921 + 21931640 = 5845789. Is m prime?
False
Suppose 0 = -2*q + 824 + 2234. Suppose j = -n - j + q, -5*j = -4*n + 6168. Is n a prime number?
False
Suppose 0 = -4*g - 4*m + 36, -43 = -4*g + 6*m - 3*m. Let k be 14/6 - (-2)/(-6). Is (-94452)/(-60) - k/g a composite number?
True
Suppose 6*w - 3*w = 33. Suppose 7 = -b + w. Is (3 - -1)/b*641 composite?
False
Let a(q) = 2*q**2 + 12*q - 5. Let c be a(-7). Let k(o) = 109*o - 25. Let i(u) = -22*u + 5. Let s(g) = -11*i(g) - 2*k(g). Is s(c) prime?
True
Let k = 9 - 5. Let s(p) = -8*p**3 - 3*p**2 + 9. Let q(h) = 8*h**3 + 3*h**2 - 8. Let z(a) = 6*q(a) + 5*s(a). Is z(k) prime?
True
Let p(m) = -73541*m + 540. Is p(-11) a prime number?
True
Let k be (1 - -1)*1725/30. Let n = 1048 + k. Is n composite?
False
Let y(o) = o**3 - 7*o**2 - 19*o + 9. Let v be y(9). Is (12014 + v)/((-30)/(-15)) a composite number?
False
Suppose -4*v - 848439 = -3*j, -4783259 = -14*j - 3*v - 823942. Is j a composite number?
False
Suppose 0 = y + 12 - 15. Suppose 25347 = 4*z - y*a, 2*z + 2*a - 12651 = -a. Is z prime?
False
Let i(y) = 44265*y**2 + 61*y + 137. Is i(-3) a prime number?
True
Let k(z) = 17*z**2 + 21*z - 455. Is k(-54) prime?
False
Let m(k) = 642*k**2 + 67*k + 2440. Is m(-33) prime?
True
Suppose 3*z + 19019 = -27907. Let j = z - -26233. Suppose -j = -19*y + 12*y. Is y prime?
False
Let y be 4/1 - 0 - -9. Suppose -6*p + y*p - 1967 = 0. Let b = 398 + p. Is b prime?
False
Is 2880/(-384)*(-908324)/30 composite?
False
Let d(t) = t**3 + 11*t**2 - 10*t - 13. Let x = -49 - -36. Let w be d(x). Let j = 664 + w. Is j composite?
False
Suppose 42 = -37*g + 43*g. Let z(i) = 12*i**3 - 4*i**2 - 11*i - 38. Is z(g) composite?
True
Suppose -5*d = 3*m - 6*d - 11, -m + 4*d = -11. Suppose -1776 = -a - k, m*k - 3166 = 5*a - 12054. Is a a composite number?
False
Suppose -j - 12 = 2*j, -3*i - 2*j = 386. Let a = -48 + i. Is ((-5)/30*-58)/((-2)/a) a composite number?
True
Let v = 189 - -147. Let c = 179 - v. Let q = c + 474. Is q a prime number?
True
Let i be 15/(185/(-30) + 5)*-7. Is 5151 + (-6 - i/(-9)) a composite number?
True
Let c be 896176/46 - 32/368. Let g = c + 251. Is g a composite number?
True
Let p(j) = 644*j**2 + 4*j - 1073. Is p(19) prime?
False
Let m(h) = 9*h**2 - 98*h - 798. Is m(115) prime?
True
Let f = -26069 - -59165. Suppose -x - 8347 = -f. Is x prime?
True
Suppose 228 = 6*r - 0*r. Suppose -37*g + r*g = 1151. Is g prime?
True
Let c(d) = 12*d**3 + 8*d**2 - 3*d - 11. Let n be c(-6). Let s = n - -3740. Let a = s + -304. Is a composite?
True
Suppose -198 = 5*h - 8*h + 5*p, -p = 2*h - 132. Is (5/2)/(h/33924) prime?
False
Let z(j) = -7*j**3 - j**2 + j. Let n be z(-1). Let l(c) = -55*c + 9. Let y be l(-7). Suppose -y = -2*m + 2*a, m = 5*m + n*a - 806. Is m prime?
True
Suppose -22*y + 26*y - 215501 = -5*k, -4*k = -4*y - 172372. Is k prime?
False
Suppose 5*i + 115 = 6*i. Suppose -2*l + 3*l = i. Let f = 40 + l. Is f a prime number?
False
Is (6/12*4999*-1)/(1/(-6)) a prime number?
False
Let w = -14183 + 30786. Is w composite?
False
Let c(b) = -2*b**2 + 24*b - 19. Let d be (3/(-9) + 1)/(12/198). Let t be c(d). Suppose t*j + 1344 = 4065. Is j composite?
False
Let l(m) = -343*m**3 + 13*m**2 - 29*m - 13. Is l(-12) composite?
False
Let w be 616/20 + 2 - (-4)/(-5). Suppose 240803 = 3*i + 4*q, w*q = 4*i + 37*q - 321071. Is i composite?
True
Let w = 6272 + -11081. Let p = -614 - w. Is p composite?
True
Let r(h) = 1285*h**2 + 10*h - 4. Is r(-3) composite?
True
Let y(m) be the third derivative of 1303*m**4/12 - 7*m**3/6 - 254*m**2. Is y(21) prime?
False
Suppose -2121 = -3*j + 4*f, -5*f = 3*j - j - 1391. Let k = 1125 - j. Is k a prime number?
False
Is 2*((9/(-21) - -1) + 154194183/154) composite?
False
Let z = 1670024 + -1171563. Is z composite?
False
Let w(r) = 4*r + 2*r**3 - 5*r**3 + 5*r**3 - 3*r**3 + 7*r**2 - 7. Let q be w(-7). Suppose 5*f - q = -2*f. Is f a composite number?
True
Suppose 7*v = -1038 + 51. Let j = 141 + v. Suppose j = 124*m - 120*m - 3236. Is m a composite number?
False
Let s(t) = 142 - 24*t + 46 - 109. Is s(-13) prime?
False
Suppose -m + 6*m - 2901169 = 789646. Is m a prime number?
True
Let r(g) = g**3 + 29*g**2 + 2*g + 66. Let m be r(-29). Let a be (-1)/((-4)/12) - -16. Is 80007/a - m/(-76) prime?
True
Let p(o) = 7142*o**2 + 2 + 2740*o**2 - 243*o**2 - 4*o. Is p(1) a prime number?
False
Let q be 6*((-38)/12 - -4). Suppose -2*s - 2*s = 5*f - 41, 0 = -5*f + q. Suppose -8*g + s*g - 389 = 0. Is g composite?
False
Suppose 9*x - 52 = 263. Is (-2)/(-10) + (-1 - (-79863)/x) prime?
True
Suppose 3*a + 4 = 13, 3*a = z - 1283. Suppose 0 = -4*w + 14